e remainder when 1862122 is divided by 161.
157
What is the remainder when 996468 is divided by 68?
64
What is the remainder when 3445 is divided by 49?
15
What is the remainder when 196601 is divided by 17867?
64
What is the remainder when 12844 is divided by 3?
1
Calculate the remainder when 2141 is divided by 6.
5
What is the remainder when 1251 is divided by 1140?
111
What is the remainder when 3415 is divided by 1128?
31
Calculate the remainder when 215629 is divided by 1753.
10
What is the remainder when 25808 is divided by 227?
157
Calculate the remainder when 6888 is divided by 93.
6
What is the remainder when 359 is divided by 113?
20
What is the remainder when 2830 is divided by 135?
130
What is the remainder when 1866 is divided by 53?
11
What is the remainder when 773 is divided by 159?
137
What is the remainder when 55338 is divided by 55338?
0
Calculate the remainder when 187981 is divided by 96.
13
Calculate the remainder when 34443 is divided by 2296.
3
What is the remainder when 20290 is divided by 72?
58
What is the remainder when 5096 is divided by 160?
136
What is the remainder when 39437 is divided by 13132?
41
What is the remainder when 5651 is divided by 287?
198
Calculate the remainder when 203 is divided by 27.
14
What is the remainder when 11422 is divided by 21?
19
Calculate the remainder when 11828 is divided by 289.
268
What is the remainder when 1119 is divided by 6?
3
What is the remainder when 22468 is divided by 36?
4
Calculate the remainder when 417381 is divided by 22.
19
What is the remainder when 438812 is divided by 32?
28
Calculate the remainder when 9339 is divided by 228.
219
What is the remainder when 330404 is divided by 110132?
8
Calculate the remainder when 13635 is divided by 37.
19
Calculate the remainder when 6802 is divided by 698.
520
What is the remainder when 15979 is divided by 5287?
118
Calculate the remainder when 16136 is divided by 32.
8
What is the remainder when 103173 is divided by 1664?
5
Calculate the remainder when 8303 is divided by 486.
41
What is the remainder when 51005 is divided by 1249?
1045
Calculate the remainder when 191890 is divided by 61.
45
What is the remainder when 150277 is divided by 49?
43
Calculate the remainder when 5247 is divided by 15.
12
What is the remainder when 186066 is divided by 486?
414
Calculate the remainder when 21624 is divided by 1280.
1144
Calculate the remainder when 353243 is divided by 44155.
3
Calculate the remainder when 10631 is divided by 1456.
439
What is the remainder when 193075 is divided by 193047?
28
Calculate the remainder when 83995 is divided by 327.
283
Calculate the remainder when 493 is divided by 79.
19
Calculate the remainder when 8312 is divided by 554.
2
Calculate the remainder when 170297 is divided by 144.
89
What is the remainder when 112078 is divided by 578?
524
Calculate the remainder when 25549 is divided by 5109.
4
Calculate the remainder when 13578 is divided by 780.
318
What is the remainder when 592 is divided by 146?
8
What is the remainder when 6638 is divided by 600?
38
What is the remainder when 969 is divided by 312?
33
Calculate the remainder when 891785 is divided by 51.
50
What is the remainder when 9891 is divided by 58?
31
Calculate the remainder when 1081235 is divided by 39.
38
Calculate the remainder when 41709 is divided by 405.
399
Calculate the remainder when 3545 is divided by 192.
89
What is the remainder when 423 is divided by 134?
21
What is the remainder when 6539 is divided by 55?
49
Calculate the remainder when 19974 is divided by 30.
24
What is the remainder when 556 is divided by 195?
166
What is the remainder when 26046 is divided by 22?
20
What is the remainder when 138289 is divided by 40?
9
What is the remainder when 11709 is divided by 5819?
71
What is the remainder when 476157 is divided by 90?
57
Calculate the remainder when 101304 is divided by 86.
82
What is the remainder when 1021169 is divided by 352?
17
Calculate the remainder when 113821 is divided by 57.
49
What is the remainder when 269364 is divided by 223?
203
What is the remainder when 30593 is divided by 1601?
174
What is the remainder when 11803 is divided by 2947?
15
Calculate the remainder when 30811 is divided by 10266.
13
What is the remainder when 208219 is divided by 145?
144
Calculate the remainder when 594 is divided by 253.
88
Calculate the remainder when 7580 is divided by 1259.
26
What is the remainder when 5137 is divided by 19?
7
Calculate the remainder when 4100 is divided by 137.
127
What is the remainder when 14120 is divided by 76?
60
Calculate the remainder when 1232 is divided by 100.
32
What is the remainder when 81045 is divided by 38?
29
What is the remainder when 135648 is divided by 45196?
60
Calculate the remainder when 4199 is divided by 45.
14
Calculate the remainder when 44412 is divided by 7.
4
Calculate the remainder when 380849 is divided by 190412.
25
Calculate the remainder when 79753 is divided by 34.
23
What is the remainder when 18215 is divided by 3628?
75
What is the remainder when 2647 is divided by 843?
118
Calculate the remainder when 116309 is divided by 2769.
11
What is the remainder when 21342 is divided by 4268?
2
What is the remainder when 316161 is divided by 11?
10
Calculate the remainder when 6272 is divided by 17.
16
Calculate the remainder when 716188 is divided by 8.
4
What is the remainder when 6297 is divided by 89?
67
Calculate the remainder when 25610 is divided by 7.
4
Calculate the remainder when 223889 is divided by 73.
71
Calculate the remainder when 409117 is divided by 4649.
5
What is the remainder when 7686 is divided by 248?
246
What is the remainder when 7786 is divided by 41?
37
What is the remainder when 31819 is divided by 13?
8
Calculate the remainder when 47453 is divided by 4745.
3
Calculate the remainder when 6329 is divided by 204.
5
What is the remainder when 33829 is divided by 10?
9
What is the remainder when 11152 is divided by 2225?
27
What is the remainder when 22180 is divided by 66?
4
What is the remainder when 44372 is divided by 25?
22
Calculate the remainder when 16761 is divided by 2078.
137
What is the remainder when 1338 is divided by 218?
30
What is the remainder when 6582 is divided by 140?
2
Calculate the remainder when 419514 is divided by 152.
146
What is the remainder when 101983 is divided by 25464?
127
Calculate the remainder when 1577 is divided by 62.
27
What is the remainder when 103085 is divided by 140?
45
Calculate the remainder when 230407 is divided by 46057.
122
Calculate the remainder when 3540 is divided by 941.
717
Calculate the remainder when 4461 is divided by 482.
123
What is the remainder when 5612 is divided by 257?
215
What is the remainder when 103220 is divided by 800?
20
What is the remainder when 4453 is divided by 765?
628
What is the remainder when 2651 is divided by 102?
101
What is the remainder when 89223 is divided by 86?
41
Calculate the remainder when 2290 is divided by 381.
4
Calculate the remainder when 4455 is divided by 4344.
111
Calculate the remainder when 7527907 is divided by 79.
76
What is the remainder when 108057 is divided by 178?
11
What is the remainder when 24310 is divided by 2425?
60
What is the remainder when 19711 is divided by 263?
249
Calculate the remainder when 6120 is divided by 395.
195
Calculate the remainder when 38881 is divided by 12958.
7
Calculate the remainder when 22344 is divided by 35.
14
Calculate the remainder when 16695 is divided by 22.
19
What is the remainder when 4305 is divided by 517?
169
Calculate the remainder when 12688 is divided by 3168.
16
Calculate the remainder when 69079 is divided by 13.
10
Calculate the remainder when 10304 is divided by 468.
8
What is the remainder when 498 is divided by 12?
6
Calculate the remainder when 187498 is divided by 15.
13
What is the remainder when 14201 is divided by 67?
64
What is the remainder when 1537 is divided by 169?
16
Calculate the remainder when 36682 is divided by 75.
7
Calculate the remainder when 15420 is divided by 15399.
21
What is the remainder when 9630 is divided by 237?
150
Calculate the remainder when 1857614 is divided by 63.
59
What is the remainder when 29841 is divided by 86?
85
Cal